 + s = -22*u. Determine t(u).
7
Let i(p) = p**3 - 6*p**2 - 6*p - 1. Suppose -2*s + 2 = -c - 0, -c + s = 0. Let m(o) = -19*o - 299. Let k be m(-16). Let b = c + k. Give i(b).
6
Let w(n) = -64*n**3 - 10*n**2 + 19*n - 1. Let t(g) = 130*g**3 + 17*g**2 - 31*g + 2. Let b(l) = 3*t(l) + 5*w(l). Give b(-1).
-70
Suppose 2847 = 77*z - 1773. Suppose -3*o + 277 - 30 = 4*k, -68 = -k - 2*o. Let v = k - z. Let d(w) = 5*w**2 + 2*w - 1. Determine d(v).
15
Suppose -10695 = -14*x - 10499. Let f(k) = 4*k - 43. What is f(x)?
13
Let a(d) be the second derivative of 2*d**3/3 + 9*d**2 - 39*d + 6. Calculate a(16).
82
Let c(b) = -b**2 - 11*b - 9. Let l = -6 - -16. Let z be (4/l)/(16/(-80)). Let j be 1/((-4)/(-12)) + -9 + z. Determine c(j).
15
Suppose 644 = -200*q + 108*q. Let n(m) = -m**3 - 6*m**2 + 2*m - 23. What is n(q)?
12
Let g(i) be the first derivative of -1/2*i**2 - 147 - 17*i. Let s be -2*(30/4 - 1). Give g(s).
-4
Suppose 0 = 5*u + 79*b - 76*b + 25, 0 = -4*u + 5*b + 17. Let g(f) be the third derivative of f**6/60 + f**4/12 - f**3/6 - 8*f**2. Determine g(u).
-21
Let h = 1398 + -1393. Let o(i) = -2*i**2 + 18*i - 9. Give o(h).
31
Let y(h) = -h**2 - 8*h - 11. Let j = 34 - 24. Let l(f) = f**2 - 12*f + 11. Let k be l(j). Let z be 55/(-7) + k/63. Give y(z).
-11
Let l(d) = d**2 + 9*d + 6. Let j(t) = t - 24. Let a be j(36). Suppose 2*c + a = -w - 2*c, -2*c - 26 = 3*w. Calculate l(w).
-2
Let d(o) = 5*o**2 + 4*o + 1. Let t(g) = -g**2 + g. Let k(r) = -d(r) - 6*t(r). Let l(u) = -899*u - 5387. Let x be l(-6). Calculate k(x).
-22
Let a(l) be the second derivative of 0 - 1/2*l**2 - 1/3*l**3 + 163*l. Suppose -5*t - 3 = -2*t. Give a(t).
1
Suppose 0 = q + 3*t - 30, -2*q = -7*t + 9*t - 52. Let r(p) = 10 + 8*p + 6*p - q*p + 14*p. Give r(-7).
-18
Suppose 5*d + 60 = 0, -13 = -7*u + 94*d - 90*d. Let x(m) be the third derivative of m**4/8 + 2*m**3/3 - m**2. Give x(u).
-11
Let o(z) be the third derivative of z**8/20160 - z**7/840 + z**6/240 - 3*z**5/4 - 6*z**2. Let u(x) be the third derivative of o(x). What is u(8)?
19
Let d(l) = l**3 + 10*l**2 + 5*l - 12. Let m be (-410)/(-18) + ((-102)/27 - -4). Suppose 13 + m = -4*j. What is d(j)?
24
Suppose -122*r + 124*r = -14. Let p(m) = m**3 + 5*m**2 - m - 6. Let y(j) = -2*j**3 - 9*j**2 + 2*j + 12. Let a(d) = 5*p(d) + 2*y(d). Give a(r).
1
Let g(t) be the third derivative of 1/8*t**4 + 0 - 26*t**2 - 1/6*t**3 + 0*t. Let r = -28 + 27. Determine g(r).
-4
Let q(x) = -x - 20. Let i be q(-18). Let u be (-4 + (-6)/i - -2) + -1. Let j(k) be the second derivative of -k**3/6 + 5*k**2 - k. Determine j(u).
10
Let m = -149 + 149. Suppose -3*c - u = 33, 2*c + m*u = -4*u - 12. Let s(n) = n**3 + 13*n**2 + 12*n - 7. Determine s(c).
-7
Let a be -14 + -1 + ((-5)/(-5))/1. Let z(c) = c**3 + 15*c**2 + 13*c - 17. Calculate z(a).
-3
Let n be ((-180)/8)/((-2)/4). Let c be (-2)/(-4)*1 + n/30. Let l(p) = -15*p - 33. Let f(x) = x + 2. Let t(r) = 33*f(r) + 2*l(r). Calculate t(c).
6
Let j(r) = 5*r - 2. Suppose 0 = 2*h + 5*z - 2, 0*h - 5 = -5*h - 2*z. Let q = -42 - -54. Let x be (-2)/6 - ((-52)/q)/h. Calculate j(x).
18
Suppose 185 = 129*v + 56. Let z(h) = 119*h**3 - h + 3. What is z(v)?
121
Suppose 5*z + 0*z + 100 = 0. Let c = z + 50. Suppose j + c = 29. Let y(a) = 7*a**2. Determine y(j).
7
Suppose -5*v + 3*v = -8, 5*w - 152 = 2*v. Let p be 5*w/(-12)*(-6)/(-10). Let n(d) = d**3 + 8*d**2 - 7. What is n(p)?
-7
Let g = -2 + 1. Let n(w) = 14*w**2 - 284. Let d(x) = -x**2 + 2. Let o(m) = 4*d(m) + n(m). Let p(l) be the first derivative of o(l). Determine p(g).
-20
Let h be 16/3 - 120/90. Let z(x) = -420*x**3 - x + 419*x**3 - h*x**2 - 3*x. Give z(-3).
3
Let i(n) = -n - 4*n**2 + 2356 - 784 - 780 - 791. Let v(y) = 2*y**2 - 3*y + 2. Let o be v(2). Let p = o + -6. Give i(p).
-13
Let a(v) = -3*v - 53. Let o be a(-20). Let t(m) = -1 - m**2 + 4 + 1 + o*m - 11. Give t(6).
-1
Let j(m) be the second derivative of -2*m**3/3 - 7*m**2/2 + 6*m. Let v(r) = -r. Let a(u) = j(u) - 3*v(u). Calculate a(-7).
0
Let a(s) = s**2 + 5*s + 3. Let b(o) = 539*o**2 + 3*o + 1. Let u be b(-1). Let g = u - 540. Determine a(g).
-3
Let d(g) = g**2 + 24*g + 148. Let t be d(-12). Let b(u) = -6*u**3 + 25*u**2 - 7*u + 9. Calculate b(t).
-3
Let u(v) = -v**3 + 19. Let h = 1418 - 1437. Let i(s) = 19 - 2*s - 2*s + 5*s. Let z be i(h). Give u(z).
19
Suppose -4*h = 3*w - 3*h - 92, 0 = -3*w + 4*h + 97. Let l(q) = -w*q + 4*q**2 + 0 + 4 - 5 + 28*q + 2. What is l(2)?
11
Let x be (2 + 2/8)*4 - 4. Suppose x*l = l - i + 4, -12 = -3*l - 3*i. Let h(f) = 2*f + 5. What is h(l)?
5
Let r(d) = 1752*d**2 + 4*d - 1754*d**2 - 5 + 0*d - 1. Suppose -3*g = 3*p + g - 28, p - 4*g = -12. What is r(p)?
-22
Suppose -40*f = -36*f + y + 109, -f + 5*y = 1. Let s(p) = -7*p - 187. What is s(f)?
-5
Suppose -m = 4*h + 8, -h = m + m + 2. Suppose -6*u + 9*u - 48 = m. Let w(l) = l - 10 - u + 9. What is w(0)?
-17
Let j(p) = -3*p. Let y be -4 + (4 - -3) + 1. Suppose -5*c + y*a + 39 = 0, -3*a = -2 - 10. Let z = 13 - c. Calculate j(z).
-6
Let p be (-6 - 112/(-21))/((-3)/9). Let w(c) = -294*c + c**p + 0*c**2 + 295*c - 7. Determine w(-3).
-1
Let c(q) = 16*q - 29. Let a(i) = 7*i - 15. Let p(f) = 9*a(f) - 4*c(f). Calculate p(-24).
5
Let v(h) = h**2 - 5*h - 2. Let m = -91 - -94. Suppose m*z = -4*f + 23 + 28, 4*f - 2*z - 66 = 0. Suppose -c = 2*w - 10, -w + f = 2*w + 3*c. Give v(w).
-2
Suppose 12 + 10 = 2*y. Let m(a) be the first derivative of -a**4/24 + 8*a**3/3 - a**2/2 - 35*a + 14. Let g(s) be the second derivative of m(s). What is g(y)?
5
Let s(t) be the second derivative of -t**4/12 + 5*t**3/3 - 8*t**2 - 636*t. What is s(8)?
0
Let a(g) be the second derivative of g**4/12 + 25*g**3/6 + 39*g**2 + 104*g - 2. Determine a(-4).
-6
Let t(m) = -m**3 + 689*m**2 - 1474*m**2 - 12*m + 1 + 34*m + 802*m**2. Give t(18).
73
Let c(f) = -8*f + 2*f**2 - 2 + 10 - 1 - f**2. Suppose 234 = 30*y + 14*y - 30. What is c(y)?
-5
Suppose h - 47 = -k, h - 179 = -4*k - 0*h. Let f(v) = 107*v**3 - k*v**3 - 4*v + 9 - 7*v**2 - 64*v**3. Give f(-6).
-3
Let s = 547 - 538. Suppose 2*o = 3*d - 18, -11 = -s*o + 14*o + d. Let r(f) = -5*f + 1. What is r(o)?
16
Suppose -16*b - 1762 = 270. Let m = 122 + b. Let k(v) = -3*v - 6. Calculate k(m).
9
Suppose -4*k + 6*z - 4*z = -48, 5*k + 2*z = 42. Let o(a) = a + 9. Let n(b) = 2*b + 28. Let j(m) = 3*n(m) - 8*o(m). Determine j(k).
-8
Let v(h) = h + 1. Let p = -291 + 293. Suppose 11*u - 13*u + p*f = -14, 3*u = 2*f + 20. Calculate v(u).
7
Let d(z) = -5*z**2 - 16*z + 2. Suppose 5*h - 5*o = 10, -17*o + 21*o = 5*h - 5. Give d(h).
5
Let j(s) be the third derivative of -s**5/60 + 17*s**4/24 - s**3/3 - 1554*s**2 + 2. Determine j(17).
-2
Let n(p) = -8*p + 1. Suppose -21*q = -11*q - 20. Let w(a) = 31*a - 59. Let b be w(q). Calculate n(b).
-23
Let c(z) = 5*z - 5. Suppose -767 = 4*q - m, 5*q = -2*m - 332 - 643. Let t = q + 198. What is c(t)?
20
Let w(y) = y + 8. Let c = 27 - 33. Let h be 327/9 - 10/c. Let g = h + -44. Give w(g).
2
Let x(r) = -2*r + 7. Let a be (-1)/1*-2 - (59 + -6). Let v = 130 + a. Let c = -72 + v. What is x(c)?
-7
Let r be (21/15)/((-2)/10). Let j be r - (-1*2 + 5 + -3). Let c(t) = -t**2 - 9*t + t**2 + t**2 - 3 - 2*t**2. What is c(j)?
11
Let p(j) = -j**3 - j**2 + j + 4. Let c(v) = 3*v**3 + 29*v**2 + 47*v - 32. Let g(i) = -c(i) - 2*p(i). Calculate g(-25).
-1
Let o(x) = 2*x**2 - 7*x - 10. Let s be -6*2 + (5 + -7 - -10). Calculate o(s).
50
Let m(c) = -2*c + 3. Let o(u) = u**2 - 3*u - 5. Let x be o(3). What is m(x)?
13
Let y(g) = 5*g**3 - 10*g**2 + 15*g + 8. Let h(m) = -3*m**3 + 5*m**2 - 8*m - 4. Let l be (-6 - (-52)/8)*-8. Let o(i) = l*y(i) - 7*h(i). Calculate o(-4).
28
Let y be ((-60)/(-48))/(2/56 + 16/(-56)). Let s(t) = -3*t**2 - 17*t - 8. Calculate s(y).
2
Let v = -7 - -10. Let p(y) = -13*y + 16*y - 7*y + v. Let o(z) = 2*z - 1. Let q(i) = -14*o(i) - 6*p(i). What is q(4)?
-20
Let x be (-4)/(-10) - 0 - 98/70. Let a be x - (30/(-5) - -2). Let y(h) = -1 + 3*h**2 + 0*h**a - 6*h**3 + 6 - 3*h + 7*h**3. Calculate y(-4).
1
Let u = -232 + 216. Let s be u/(-4) + 2 + (5 - 3). Let p(g) = g - 2. What is p(s)?
6
Let v(r) = -8*r + 209. Suppose -3*w - 5*n + 110 = 0, 150*w - 155*w - 5*n = -160. Give v(w).
9
Let o = -4054 + 4049. Let u(w) = 12*w + 44. Give u(o).
-16
Suppose -3*j = 15, -19*j - 14 = 3*c - 15*j. Let r(f) = -5*f**c + 5*f**2 - f**2 + 35*f - 38*f - 3. Give r(-2).
-1
Let